= 366 - 357. What is the remainder when z(u) is divided by s?
3
Suppose 0 = -4*n + 7*z - 2*z + 381, -5*n + 548 = 4*z. What is the remainder when n is divided by 42?
20
Let s(c) = -53*c**3 + 8*c - 9. Let l be s(2). Calculate the remainder when 5/15*l*-1 is divided by 47.
45
Suppose -2*o - 6 = -0*o - 3*f, 0 = -3*o - 2*f + 17. Let y = 131 - 47. Suppose 4*k = -o*k + y. Calculate the remainder when 92 is divided by k.
8
Suppose -2693 = -67*i + 3940. Calculate the remainder when i is divided by 21.
15
What is the remainder when (-1)/((-2 - 0)*4*(-11)/(-40216)) is divided by 176?
105
Let o = 836 + -454. What is the remainder when o is divided by 97?
91
Let r = 4344 - 3460. What is the remainder when r is divided by 15?
14
Suppose -h - 4 = d - 2*h, -5*h + 18 = -4*d. What is the remainder when 93 is divided by d/((-8)/6)*(-1034)/(-33)?
46
Suppose -12*z + 11*z = -29. Calculate the remainder when z is divided by ((-15)/(-20))/((-25)/(-500)).
14
Let b be ((-246)/30 - -9)*-65. Calculate the remainder when 1 - (1 + (-21 - -1)) is divided by 100/350 + b/(-14).
0
Suppose 0 = -2*x + 2*v + 1050 + 1410, -4*x = 3*v - 4927. What is the remainder when x is divided by 102?
7
Let v = 2520 + -1513. What is the remainder when v is divided by 21?
20
Let u = -4 - -7. Let k(j) be the third derivative of 3*j**4/8 + j**3/3 - 724*j**2. What is the remainder when 57 is divided by k(u)?
28
Suppose 144*y + 70 = 146*y. Suppose -2*l + 11 = j - 0*l, -l = j - 10. What is the remainder when y is divided by j?
8
Let a = -1299 + 1933. Calculate the remainder when a is divided by 6.
4
Let w(b) = 2*b**3 - 6*b**2 + 9*b - 1 - 2*b**2 - 4*b. Calculate the remainder when w(6) is divided by 126/(-567)*(-198)/2.
19
Let l(a) = a**2 + 22*a - 45. Let k be l(-24). Suppose t + k*x = 42, -18*t + 3*x - 258 = -23*t. Calculate the remainder when t is divided by 7.
5
Let w = 3602 - 3523. Calculate the remainder when 1737 is divided by w.
78
Let u(s) = s**3 + 6*s**2 - 20*s - 7. Let f be u(-8). Suppose 29*j + f*j - 2052 = 0. Suppose 0*y + 40 = 4*y. Calculate the remainder when j is divided by y.
8
Suppose 0 = k + 4*w - 349, 0 = 359*k - 360*k + 3*w + 370. Let d(u) = -u**2 + 12*u + 5. What is the remainder when k is divided by d(6)?
33
Let m(i) = 4*i**3 - 19*i**2 + 78*i - 32. Calculate the remainder when m(7) is divided by 61.
40
Let n(u) = u**2 - 5*u - 2. Let h be n(-1). Suppose h*f = 8*f - 116. Calculate the remainder when 170 is divided by f.
25
Suppose -4*x - 7*x = -2*x - 2655. What is the remainder when x is divided by 232?
63
Let j be 2238*(-5 + (-93)/(-18)). Suppose 0 = -6*y + j + 407. Calculate the remainder when y is divided by 7.
4
Let q(g) = -52*g + 53. Let o be (3/6)/((-4)/(-8)). Calculate the remainder when 6 is divided by q(o).
0
Let c(q) = 53*q**2 + 178*q + 11. Calculate the remainder when c(4) is divided by 20.
11
Let q = 952 + -940. Suppose 594 = -q*t + 1878. Calculate the remainder when t is divided by 12.
11
Suppose 23*i = 21*i + 166. Let f = -79 + i. Suppose d + o - 7 = 0, -2*o = 5*d - 0*o - 47. Calculate the remainder when d is divided by f.
3
Suppose 0 = -5*s - 260 + 70. What is the remainder when 2*s/4*(7 - 10) is divided by 21?
15
Let o(s) = 8*s + 5. Let d be o(31). Let i = d + -239. Calculate the remainder when 76 is divided by i.
6
Suppose -3*j + 120 + 35 = 4*c, 2*j = -3*c + 116. Let m = -33 + c. Suppose 3*f - 105 = m*n, f + 4*n - 35 = -n. What is the remainder when 66 is divided by f?
31
Suppose 0 = 4*u + 24, -161*f + 163*f = -5*u + 162. What is the remainder when f is divided by 32?
0
Let j(b) = 7*b**3 - 2*b**2 + 2*b - 1. Let v be j(1). Let l(z) = 11*z - 37. What is the remainder when l(v) is divided by 10?
9
Suppose -19 + 58 = 3*o. Let z(c) = -c + 11. Let g be z(0). Suppose -g*b + 360 = -b. What is the remainder when b is divided by o?
10
Suppose -168*j + 137*j + 5796 = 221*j. What is the remainder when 191 is divided by j?
7
Let n = -594 - -1325. What is the remainder when 757 is divided by n?
26
Suppose 0 = -3*t + 2*c + 536, 894 = t + 4*t - 3*c. Suppose -11*r = -r - t. What is the remainder when 28 is divided by r?
10
Let y = -2574 - -2594. Calculate the remainder when 993 is divided by y.
13
Let j be 2 + ((-6)/14 - 310/(-70)). Suppose -46 + j = -l. Calculate the remainder when 195 is divided by l.
35
Suppose 3*m + 1382 = 5*v - m, 5*m + 3577 = 13*v. What is the remainder when 1371 is divided by v?
1
Suppose 53*j + 47*j + 2261 = 21561. What is the remainder when 2114 is divided by j?
184
Let o(p) = 9*p**3 - 2*p**2. Let i be ((-25)/10 + 3)*-8. Let k(t) = -2*t**3 - 6*t**2 + 6*t + 9. Calculate the remainder when o(2) is divided by k(i).
13
Suppose -4*a + 28 = 4*q, q = 8 - 3. Let z(m) = -m**2 + 27*m - 40. Let h be z(26). Calculate the remainder when (-5)/(175/(-335)) - (-8)/h is divided by a.
1
Let n(k) = 34*k - 15. Let q be n(0). What is the remainder when (-4 + 1)*760/q is divided by 31?
28
Let p be (108/10)/(21/(-280)*4). Calculate the remainder when 679 is divided by 4 + (-1)/(2/p).
19
Suppose 0 = w + 3*x + 2*x - 58, 2*w - 3*x = 51. Let h = -33 + w. Suppose h = -41*f + 43*f - 32. Calculate the remainder when f is divided by 4.
0
Let l(s) = 18*s + 51. Let p be l(-6). Let a = 61 - p. What is the remainder when a is divided by 32?
22
Let d(j) = 8*j**2 - 437*j + 79. Calculate the remainder when d(56) is divided by 8.
7
Let k = -1 + -6. Let a(m) be the first derivative of -m**4/4 - 2*m**3 - 31*m + 57. Calculate the remainder when 49 is divided by a(k).
13
Suppose 6849 = -24*s + 8337. What is the remainder when s is divided by 18?
8
Let g(j) = -5*j + 76 - 9*j - 9*j + 25*j. Calculate the remainder when 129 is divided by g(-16).
41
Suppose 2*a - 3*a + 26 = 0. What is the remainder when a is divided by ((-3)/(-6)*-7)/(75/(-150))?
5
Let s = 76 - 51. Let x = 17 + -12. Suppose 5*b = -3*v + 46, -4*b + v = -x*b + 10. What is the remainder when s is divided by b?
1
Suppose 3*u = -b + 107, 3*b - 7*b - 3*u + 473 = 0. Suppose -g = 3*g + 2*i - 268, -69 = -g - i. Calculate the remainder when b is divided by g.
57
Let l(c) = 4*c - 308. Calculate the remainder when 517 is divided by l(87).
37
Let k = -941 - -970. Calculate the remainder when 334 is divided by k.
15
Let p = 6 + -3. Let v be (-6)/((1125/(-30))/25). Suppose v*k - 44 = -2*g, p*k = 5*k - g - 26. What is the remainder when 59 is divided by k?
11
Let k = -87 - -89. Let n(i) = 5*i**2 + 20*i + 15*i**2 - 3 + 38*i**k - 22*i. Calculate the remainder when n(-1) is divided by 15.
12
Suppose -9*j - 231 = -2040. What is the remainder when j is divided by 41?
37
Let a = 1349 + -1300. What is the remainder when (-12)/4 + 0 - -344 is divided by a?
47
Let n = 32 - 8. Let z(d) = -d**3 + 103*d**2 - 16*d + 1719. Calculate the remainder when z(103) is divided by n.
23
Suppose 21*m - 11*m - 62917 = -7*m. Calculate the remainder when m is divided by 19.
15
Let m(r) = -8*r + 3. Suppose 3*o - 3*q + 5*q = 9, -2*o - 1 = -q. Let h be o*(3 + -3) - (11 + 2). Calculate the remainder when m(h) is divided by 37.
33
Let t = -4256 + 4472. What is the remainder when t is divided by 31?
30
Let i be -16 + 4/(16/(-12) - -2). Let t(r) = r**3 + 10*r**2 - 4*r - 9. Suppose -2*l - 2*l = -44. Calculate the remainder when t(i) is divided by l.
9
Let c be (-5 - -2)*(8/3 - 1). Calculate the remainder when (c - -31) + (0 - -3) is divided by 5.
4
Let y = -4 - -8. Let z(k) = k**3 - k**2 - 10*k - 6. Let t be z(y). What is the remainder when 4700/30 - t/12*4 is divided by 53?
50
Suppose 5*w + 25*w = 1200. What is the remainder when 184 is divided by -17*1/(-3)*(w + -37)?
14
Suppose -2408*o + 1665 = -2405*o. Suppose 0 = -28*k + 13*k + o. Calculate the remainder when 1442 is divided by k.
36
Let d = -156 + 301. What is the remainder when 56 is divided by d/13 + (-4)/26?
1
Suppose -3*y + 40 = -257. Let j = -266 - -320. Suppose -3*q + 3*c = -j, -c + 5*c - y = -5*q. What is the remainder when q is divided by 11?
8
Suppose -24 = 544*j - 552*j. Suppose 4*v - 374 = 3*q, 11*v = 10*v - j*q + 101. Calculate the remainder when v is divided by 16.
15
Let q = 4208 + -3569. Calculate the remainder when q is divided by 116.
59
Suppose -3*m + 0 = -12. What is the remainder when 241 is divided by m + 0/3 + 77?
79
Let i(v) = 83*v**3 + v**2 - v. Let o = -63 + -18. Let g = o - -111. What is the remainde